w + 3*o + 163, -692 = -4*w + 4*o. Is 17 a factor of w?
False
Suppose -99 - 33 = -2*d. Is 11 a factor of d?
True
Let v = -7 + 6. Is 8 a factor of -34*((-1)/v)/(-2)?
False
Let n(f) = 2*f**2 - 3*f - 7. Does 2 divide n(4)?
False
Let x(n) = -43*n + 2. Is 15 a factor of x(-1)?
True
Let a(x) = x - 1. Let d be a(3). Let n(y) = y. Let w be n(d). Suppose -3*l + 20 = -w*l. Is l a multiple of 10?
True
Suppose 0 = o + 17 - 65. Is o a multiple of 28?
False
Let s(u) = u**3 + 2*u**2 - 3*u - 2. Let o be s(-2). Suppose -2*v + w + 51 = 0, 2*w = o*v - v - 75. Let j = 45 - v. Is j a multiple of 12?
False
Let l(x) = 0 - 1 + 1 - 7*x. Does 21 divide l(-6)?
True
Let q be (21/6)/((-1)/(-2)). Suppose 0 = -2*b + 3*k + 2, 0 = b - 0*k + 5*k - 1. Let m = q - b. Is m a multiple of 3?
True
Suppose 0 = -4*m + 2*r + 84 + 80, 3*m = -5*r + 123. Is 20 a factor of m?
False
Let j = 32 + 11. Is 9 a factor of j?
False
Let v(q) = 0*q**3 + 3*q - 4*q + 2*q + q**3. Let b be v(1). Suppose b*n = c - 20, 0 = -5*c + n - 53 + 135. Is c a multiple of 16?
True
Let g = -30 - -51. Suppose g = r + 2*r. Is r even?
False
Suppose 7 = -0*p + 2*p + h, 0 = -3*p - 4*h + 13. Suppose g - 4*s = 10, -2*s = 3*g - p*s - 63. Is g a multiple of 22?
True
Let y(o) = -7*o + 1. Let g(l) = -2*l**2 + 6*l - 1. Let b be g(4). Let c = b - -7. Is y(c) a multiple of 15?
True
Suppose -3*n + 3*b = -0*b - 66, -3*b = 5*n - 78. Is n a multiple of 6?
True
Suppose -w = 3*w - 16. Suppose 0*n - w = -2*n - a, -4*n = -5*a - 8. Suppose -g - n = -13. Does 5 divide g?
False
Let v = 48 - 34. Is v a multiple of 4?
False
Let w(q) = q**3 + 3*q**2 + 3*q - 1. Let p be w(3). Suppose 0 = 5*c - 383 - p. Is 23 a factor of c?
False
Let i(h) = 17*h**2 - 1. Let v(f) = -2*f + 1. Let r be v(1). Is 7 a factor of i(r)?
False
Let o = 10 + -15. Is 1/o + (-364)/(-20) a multiple of 4?
False
Suppose 2*p - 114 - 141 = -3*x, -4*x = 4*p - 520. Is 35 a factor of p?
False
Let g(u) = -2*u**3 - u. Suppose 0 = -2*c + 5*v + 18, c - 2*c = v + 5. Let b = c + 0. Is 2 a factor of g(b)?
False
Suppose -28 = -2*k - 4*l + 60, 194 = 5*k - 3*l. Is k a multiple of 8?
True
Let k(v) = 4*v**2 - 11*v - 2. Does 38 divide k(-8)?
True
Let y(g) = -g**2 + 5*g + 4. Is 5 a factor of y(3)?
True
Suppose -5*j + 252 = -2*j. Let y = j - 36. Does 8 divide y?
True
Let u(q) = -q**2 - 22*q - 24. Is u(-17) a multiple of 13?
False
Let a(s) = s**2 + 2*s - 3. Suppose -5*x - 33 = -4*d, d - 2*d = -4*x - 22. Let b be a(x). Suppose 0*j - b = -j. Does 6 divide j?
True
Suppose 4*t + v - 300 = -0*v, v = 0. Suppose 2*x + 3*x = t. Is x a multiple of 7?
False
Suppose 0*n - 4*n - 2*b + 92 = 0, 76 = 3*n + 5*b. Does 14 divide -4*(n/(-4) + 0)?
False
Let h(y) = 5*y. Let r be h(4). Suppose -r = -a - 3*a. Is a a multiple of 2?
False
Let o(q) = q**3 + 4*q**2 - q - 4. Let y be o(-4). Suppose -4*a = -y + 28. Let k = 16 + a. Is k a multiple of 9?
True
Let b(n) = -8*n - 2. Let o(i) = i. Let j(q) = b(q) + 4*o(q). Let w be 13/(-2) - 2/(-4). Is 11 a factor of j(w)?
True
Let c(y) = 2*y + 3. Let n be c(-2). Is 1 + n + -1 - -12 a multiple of 9?
False
Suppose 3*h - p = 7*h - 7, -4*h - 4*p + 4 = 0. Suppose 0 = -3*y + b - 0*b + 201, -h*y - 2*b = -126. Is 22 a factor of y?
True
Suppose -d - 2*d = 6. Let b be (-1 + -1)/(5 + -4). Is 8 a factor of (-31)/b - d/4?
True
Let r be (-2)/(-6) + 102/(-9). Let p = r + 15. Is 2 a factor of p?
True
Let y(i) = -i**2 + 228. Let v be y(0). Suppose 0 = g + 3*g - v. Suppose -5*q + 23 = -g. Is q a multiple of 8?
True
Let v be 6/(-4)*(15 - -5). Let u = 61 + v. Does 7 divide u?
False
Suppose -5*i + 11 = -3*l, 3*l - 3*i + 3 = -0*i. Suppose -l*v + 60 = 2*v. Does 8 divide v?
False
Suppose 4*f + 106 = 2*j, 3*f - f = -8. Let d = 71 - j. Does 13 divide d?
True
Let c = -9 + 30. Is c a multiple of 5?
False
Suppose 2*p = 0, -2*j + 4*p + 464 = 5*p. Suppose 1 = -3*q - 3*u + 133, -j = -5*q - 2*u. Is q a multiple of 12?
True
Let i(d) = -d**2 - d + 1. Let h(n) = -n**2 - 2*n. Let g(y) = 2*h(y) - 3*i(y). Is 17 a factor of g(-4)?
True
Let a(g) = 8*g + 5*g - 3*g - 1 + 5*g. Is a(1) a multiple of 14?
True
Let i(w) = w + 4. Let g be i(-2). Suppose -3*p - 2*f = -f - 10, -g*p = -2*f + 4. Suppose 4*s + 5*u = 40, 0*s + p*u = 5*s - 83. Does 15 divide s?
True
Let o(g) = 4*g + 0*g - 5 + g. Is 15 a factor of o(4)?
True
Let b(j) = -j**3 + j**2 + 7*j + 3. Suppose 6*t = 2*t - 20. Let u be b(t). Suppose -5*g = 28 - u. Does 8 divide g?
False
Suppose -10*s = -7*s - 6. Does 6 divide (1*38)/(4 - s)?
False
Suppose j + 0*m - 6 = 3*m, 2*j + 3*m - 12 = 0. Is 4 a factor of j?
False
Let d be 9/2 + 2/4. Let n = 131 - 89. Suppose -4*y - 119 = -d*s, -3*y = -s - s + n. Does 15 divide s?
False
Let s = -26 + 66. Is s a multiple of 16?
False
Let m = 7 - 17. Let q(v) = -21*v - 2. Let o be q(-2). Is (-4)/m*(o + 0) a multiple of 12?
False
Let h = -2 - -6. Suppose -3*k + 969 = r, -h*r = -0*k + 2*k - 636. Is (1/(-2))/((-3)/k) a multiple of 19?
False
Let k(p) = 1. Let w(v) = v**3 - 5*v**2 - 4*v + 3. Let z(b) = 2*k(b) - w(b). Is 4 a factor of z(-2)?
False
Let n(k) = -10*k - 4. Let o be n(-6). Suppose -5*m - o = -9*m. Is 9 a factor of m?
False
Let h(u) = u**2 - 2*u - 5. Let y be h(4). Suppose 22 = z - j, y*z + 0*z + 3*j - 42 = 0. Is z a multiple of 18?
True
Let c(d) = d**3 + 8*d**2 - 5*d + 3. Is c(-4) a multiple of 29?
True
Suppose -376 = -7*f + 212. Let s(h) = -25*h + 6. Let u be s(-6). Suppose 4*c - j - u = 0, j + j = 2*c - f. Is 13 a factor of c?
False
Suppose m - 133 + 40 = 0. Suppose 0 = -5*p + 2*p - m. Let t = p + 55. Is 12 a factor of t?
True
Let v be (1 + 0)*-8 + 3. Is 4/v*85/(-2) a multiple of 17?
True
Is ((-11)/(-2))/(4/8) a multiple of 8?
False
Does 7 divide 7/((52/24)/13)?
True
Does 2 divide 2/16 + (-475)/(-40)?
True
Let o(i) = 47*i**2 + 10*i - 10. Let z(u) = 16*u**2 + 3*u - 3. Let g(m) = -2*o(m) + 7*z(m). Is g(1) a multiple of 8?
False
Let t be 2/(-4) - (-9)/2. Let y be 372/18 + 2/6. Suppose -3*b = b - 4*p - t, p + y = 5*b. Is b a multiple of 3?
False
Suppose -3*a + 6 = l, 5*a = -l + 4 + 8. Let i = a - -15. Is 9 a factor of i?
True
Let v = -49 - -121. Is v a multiple of 26?
False
Suppose 16*j - 10*j - 42 = 0. Let t(p) be the third derivative of 5*p**4/24 + p**3/2 + 2*p**2. Is 19 a factor of t(j)?
True
Let c be 24/(-15) + 2/(-5). Let z = c + 12. Suppose -x = -3*p + 30, x + z = p - 2*x. Is p a multiple of 5?
True
Let x = 2 + 0. Suppose -2*j = -3*u - 13, 0*j - 6 = -x*j - 4*u. Let b = 30 + j. Is 16 a factor of b?
False
Let o = -12 + -4. Suppose -3*q + 6*g - g = 7, 4*q + 4*g - 44 = 0. Is (o/3)/((-4)/q) a multiple of 4?
True
Let u = -92 - -194. Let s(i) = -i**3 - 3*i**2 + 2*i + 6. Let d be s(-6). Suppose 0 = 2*t + t - 3*j - u, 2*j = -3*t + d. Is t a multiple of 10?
False
Let u(t) = t**2 + 13*t - 9. Let y be u(-14). Suppose 3*q - 66 = -y*s, -5*q + 46 = 3*s - 0*s. Is s a multiple of 12?
True
Suppose 43 - 178 = -3*s. Let p = s + -27. Is p a multiple of 5?
False
Let n be (-8)/(((-5)/4)/5). Is ((-40)/n)/(1/(-8)) a multiple of 4?
False
Suppose -5*c + 84 = -36. Is 4 a factor of c?
True
Let y(b) = -b + 3. Let g be y(3). Suppose o - 24 = -3*d - g*d, 3*o - 2*d = 50. Is 6 a factor of o?
True
Let g(d) = -4*d - 4. Does 16 divide g(-5)?
True
Let d = 167 - 90. Is d a multiple of 14?
False
Suppose 2*x = 4*k + 310, 4*x = -0*k - 4*k + 680. Is x a multiple of 15?
True
Let z = -7 - -10. Suppose -z*j + 50 + 49 = 0. Does 11 divide j?
True
Let y(s) = s**3 - 3*s**2 + s - 3. Let h(g) = -g**2 + 5*g + 3. Let l be h(5). Let f be y(l). Is 1*8 - f/2 a multiple of 3?
False
Suppose -g + 3*g - 28 = 4*r, -4*r - 8 = 3*g. Let j(c) = -1 - g + 5*c**2 - 3*c**2 + 8*c. Does 14 divide j(-6)?
False
Let r = 1 + 27. Let t = 65 - r. Does 15 divide t?
False
Suppose -4*q + 3*n - 12 - 16 = 0, -14 = 2*q - 5*n. Let m(f) = 3*f**2 + 7*f - 9. Let j be m(q). Suppose t - j = -5*x, -27 = 4*x + 5*t - 115. Does 17 divide x?
True
Let k = -11 + 8. Is 4 + -5 + k/(-1) even?
True
Let m = 32 - 23. Suppose -3*u + 7*u = -5*g + m, -g + 15 = 3*u. Is (-60)/(-14)*(u - -1) a multiple of 15?
True
Let l(z) = -z + 54. Let f be l(0). Suppose 3*m = p + f, -3*p + 2*p = -2*m + 36. Suppose 2*n - n - m = 0. Is 12 a factor of n?
False
Suppose -6*c + c + 350 = 0. Does 13 divide c?
False
Let k be (7/(-2) - -3)*12. Let i = 13 + k. Let s(o) = -o**2 + 8*o - 2. Does 2 divide s(i)?
False
Let t(c) = 7*c - 3. Let h be t(5). Is (h/12)/((-2)